{"id":4009,"date":"2019-12-31T14:25:03","date_gmt":"2019-12-31T13:25:03","guid":{"rendered":"https:\/\/www.feuerwehr-emtinghausen.de\/?page_id=4009"},"modified":"2024-04-19T10:32:12","modified_gmt":"2024-04-19T08:32:12","slug":"links","status":"publish","type":"page","link":"https:\/\/www.feuerwehr-emtinghausen.de\/index.php\/links\/","title":{"rendered":"Links"},"content":{"rendered":"\n<ul class=\"wp-block-list\">\n<li><a rel=\"noreferrer noopener\" href=\"https:\/\/www.facebook.com\/Freiwillige-Feuerwehr-Emtinghausen-102196265948578\" data-type=\"URL\" data-id=\"https:\/\/www.facebook.com\/Freiwillige-Feuerwehr-Emtinghausen-102196265948578\" target=\"_blank\">Feuerwehr Emtinghausen auf Facebook<\/a><\/li>\n\n\n\n<li><a href=\"https:\/\/www.instagram.com\/ffw_emtinghausen_bahlum\/\" target=\"_blank\" rel=\"noreferrer noopener\">Feuerwehr Emtinghausen auf Instagram<\/a><\/li>\n<\/ul>\n\n\n\n<h2 class=\"wp-block-heading\">Feuerwehrlinks SG Thedinghausen<\/h2>\n\n\n\n<ul class=\"wp-block-list\">\n<li><a href=\"http:\/\/www.feuerwehr-thedinghausen.de\" target=\"_blank\" rel=\"noreferrer noopener\" aria-label=\" (\u00f6ffnet in neuem Tab)\">Freiwillige Feuerwehr Thedinghausen<\/a><\/li>\n\n\n\n<li><a rel=\"noreferrer noopener\" aria-label=\"Freiwillige Feuerwehr Riede (\u00f6ffnet in neuem Tab)\" href=\"http:\/\/www.feuerwehr-riede.de\" target=\"_blank\">Freiwillige Feuerwehr Riede<\/a><\/li>\n\n\n\n<li><a rel=\"noreferrer noopener\" aria-label=\"Freiwillige Feuerwehr Beppen (\u00f6ffnet in neuem Tab)\" href=\"http:\/\/www.feuerwehr-beppen.de\" target=\"_blank\">Freiwillige Feuerwehr Beppen<\/a><\/li>\n\n\n\n<li><a rel=\"noreferrer noopener\" aria-label=\"Freiwillige Feuerwehr Morsum (\u00f6ffnet in neuem Tab)\" href=\"http:\/\/www.feuerwehr-morsum.de\" target=\"_blank\">Freiwillige Feuerwehr Morsum<\/a><\/li>\n\n\n\n<li><a rel=\"noreferrer noopener\" aria-label=\"Freiwillige Feuerwehr Wulmstorf (\u00f6ffnet in neuem Tab)\" href=\"http:\/\/www.feuerwehr-wulmstorf.de\" target=\"_blank\">Freiwillige Feuerwehr Wulmstorf<\/a><\/li>\n\n\n\n<li><a rel=\"noreferrer noopener\" aria-label=\"Freiwillige Feuerwehr Intschede (\u00f6ffnet in neuem Tab)\" href=\"http:\/\/www.feuerwehr-intschede.de\" target=\"_blank\">Freiwillige Feuerwehr Intschede<\/a><\/li>\n<\/ul>\n\n\n\n<h2 class=\"wp-block-heading\">Feuerwehrlinks Landkreis Verden<\/h2>\n\n\n\n<ul class=\"wp-block-list\">\n<li><a rel=\"noreferrer noopener\" aria-label=\"Kreisfeuerwehr Verden (\u00f6ffnet in neuem Tab)\" href=\"http:\/\/www.kreisfeuerwehr-verden.de\" target=\"_blank\">Kreisfeuerwehr Verden<\/a><\/li>\n\n\n\n<li><a rel=\"noreferrer noopener\" aria-label=\"Freiwillige Feuerwehr Achim (\u00f6ffnet in neuem Tab)\" href=\"http:\/\/www.feuerwehr-achim.de\" target=\"_blank\">Freiwillige Feuerwehr Achim<\/a><\/li>\n\n\n\n<li><a rel=\"noreferrer noopener\" aria-label=\"Freiwillige Feuerwehr Verden (\u00f6ffnet in neuem Tab)\" href=\"http:\/\/www.feuerwehr-verden.de\" target=\"_blank\">Freiwillige Feuerwehr Verden<\/a><\/li>\n\n\n\n<li><a rel=\"noreferrer noopener\" aria-label=\"Freiwillige Feuerwehr Langwedel (\u00f6ffnet in neuem Tab)\" href=\"http:\/\/www.feuerwehr-langwedel.de\" target=\"_blank\">Freiwillige Feuerwehr Langwedel<\/a><\/li>\n\n\n\n<li><a href=\"http:\/\/www.feuerwehren-doerverden.de\" target=\"_blank\" rel=\"noreferrer noopener\" aria-label=\"Freiwillige Feuerwehr D\u00f6rverden (\u00f6ffnet in neuem Tab)\">Freiwillige Feuerwehr D\u00f6rverden<\/a><\/li>\n<\/ul>\n\n\n\n<h2 class=\"wp-block-heading\">Kommunen als Tr\u00e4ger des Brandschutzes<\/h2>\n\n\n\n<ul class=\"wp-block-list\">\n<li><a rel=\"noreferrer noopener\" aria-label=\"Nieders\u00e4chsische Akademie f\u00fcr Brand- und Katastrophenschutz (NABK) (\u00f6ffnet in neuem Tab)\" href=\"https:\/\/www.nabk.niedersachsen.de\/startseite\/\" target=\"_blank\">Nieders\u00e4chsische Akademie f\u00fcr Brand- und Katastrophenschutz (NABK)<\/a><\/li>\n\n\n\n<li><a rel=\"noreferrer noopener\" aria-label=\"Landkreis Verden (\u00f6ffnet in neuem Tab)\" href=\"https:\/\/www.landkreis-verden.de\/verkehr-sicherheit-ordnung\/brandschutz-rettungsdienst-katastrophenschutz\/\" target=\"_blank\">Landkreis Verden<\/a><\/li>\n\n\n\n<li><a rel=\"noreferrer noopener\" aria-label=\"Samtgemeinde Thedinghausen (\u00f6ffnet in neuem Tab)\" href=\"http:\/\/www.thedinghausen.de\" target=\"_blank\">Samtgemeinde Thedinghausen<\/a><\/li>\n<\/ul>\n","protected":false},"excerpt":{"rendered":"<p>Feuerwehrlinks SG Thedinghausen Feuerwehrlinks Landkreis Verden Kommunen als Tr\u00e4ger des Brandschutzes<\/p>\n","protected":false},"author":1,"featured_media":0,"parent":0,"menu_order":0,"comment_status":"closed","ping_status":"closed","template":"","meta":{"_price":"","_stock":"","_tribe_ticket_header":"","_tribe_default_ticket_provider":"","_tribe_ticket_capacity":"0","_ticket_start_date":"","_ticket_end_date":"","_tribe_ticket_show_description":"","_tribe_ticket_show_not_going":false,"_tribe_ticket_use_global_stock":"","_tribe_ticket_global_stock_level":"","_global_stock_mode":"","_global_stock_cap":"","_tribe_rsvp_for_event":"","_tribe_ticket_going_count":"","_tribe_ticket_not_going_count":"","_tribe_tickets_list":"[]","_tribe_ticket_has_attendee_info_fields":false,"footnotes":"","_tec_slr_enabled":"","_tec_slr_layout":""},"class_list":["post-4009","page","type-page","status-publish","hentry"],"ticketed":false,"_links":{"self":[{"href":"https:\/\/www.feuerwehr-emtinghausen.de\/index.php\/wp-json\/wp\/v2\/pages\/4009","targetHints":{"allow":["GET"]}}],"collection":[{"href":"https:\/\/www.feuerwehr-emtinghausen.de\/index.php\/wp-json\/wp\/v2\/pages"}],"about":[{"href":"https:\/\/www.feuerwehr-emtinghausen.de\/index.php\/wp-json\/wp\/v2\/types\/page"}],"author":[{"embeddable":true,"href":"https:\/\/www.feuerwehr-emtinghausen.de\/index.php\/wp-json\/wp\/v2\/users\/1"}],"replies":[{"embeddable":true,"href":"https:\/\/www.feuerwehr-emtinghausen.de\/index.php\/wp-json\/wp\/v2\/comments?post=4009"}],"version-history":[{"count":5,"href":"https:\/\/www.feuerwehr-emtinghausen.de\/index.php\/wp-json\/wp\/v2\/pages\/4009\/revisions"}],"predecessor-version":[{"id":7115,"href":"https:\/\/www.feuerwehr-emtinghausen.de\/index.php\/wp-json\/wp\/v2\/pages\/4009\/revisions\/7115"}],"wp:attachment":[{"href":"https:\/\/www.feuerwehr-emtinghausen.de\/index.php\/wp-json\/wp\/v2\/media?parent=4009"}],"curies":[{"name":"wp","href":"https:\/\/api.w.org\/{rel}","templated":true}]}}